{"id":761,"date":"2023-01-12T10:24:00","date_gmt":"2023-01-12T10:24:00","guid":{"rendered":"http:\/\/intex-arc.com\/?page_id=761"},"modified":"2024-11-05T10:27:57","modified_gmt":"2024-11-05T10:27:57","slug":"casinos-virtuais-no-estado-de-portugal-em-2024","status":"publish","type":"page","link":"https:\/\/intex-arc.com\/?page_id=761","title":{"rendered":"Casinos virtuais no estado de Portugal em 2024"},"content":{"rendered":"\n<p>Nos \u00faltimos anos, o sector dos casinos virtuais no pa\u00eds de Portugal tem passado por um grande desenvolvimento, o que foi causado pelo aumento do interesse em jogar na Internet.<\/p><p>O governo portugu\u00eas legalizou e regulamentou totalmente os jogos de azar online, permitindo que os licenciados apresentem um grande n\u00famero de jogos de azar aos jogadores de Portugal. Para informa\u00e7\u00f5es adicionais importantes consulte o site <a href=\"https:\/\/www.casinoreal.pt\/\">CasinoReal<\/a> dos melhores especialistas em Portugal.<\/p><p>O quadro legislativo introduzido no ano de dois mil e quinze atrav\u00e9s da Autoridade SRIJ garantiu o desenvolvimento de Portugal como centro para todos os jogadores, empresas internacionais de jogo.<\/p><p>Desde a legaliza\u00e7\u00e3o dos jogos de azar virtuais, a ind\u00fastria cresceu rapidamente, oferecendo uma gama completa &#8211; desde jogos t\u00edpicos de cassino, como p\u00f4quer, blackjack e roleta de cassino, at\u00e9 jogos originais com crupi\u00ea. Al\u00e9m disso, as apostas desportivas, passatempo favorito no pa\u00eds de Portugal, est\u00e3o totalmente integradas nas principais plataformas, apelando tanto aos jogadores casuais como aos profissionais.<\/p><p>Portanto, prev\u00ea-se que o mercado portugu\u00eas continue o seu caminho de crescimento, com mais inova\u00e7\u00f5es e melhorias para melhorar a experi\u00eancia do utilizador.<\/p><p>O elevado n\u00edvel de acesso \u00e0 Internet em Portugal e a utiliza\u00e7\u00e3o ativa de smartphones tamb\u00e9m contribu\u00edram para o sucesso da ind\u00fastria, permitindo que os jogadores joguem em casa ou em qualquer lugar.<\/p><p>A combina\u00e7\u00e3o de op\u00e7\u00f5es de jogo e um quadro jur\u00eddico s\u00f3lido fez da ind\u00fastria portuguesa de casinos virtuais um interveniente fundamental no mercado global.<\/p><p>Os casinos online portugueses s\u00e3o famosos pelos seus grandes b\u00f3nus, padr\u00f5es de seguran\u00e7a modernos e uma vasta sele\u00e7\u00e3o de jogos.<\/p><h2>Os melhores jogos de casino online em casinos virtuais em Portugal<\/h2><p>Os casinos online em Portugal oferecem uma vasta gama de jogos destinados a satisfazer uma variedade de gostos.<\/p><p>Desde jogos de mesa cl\u00e1ssicos, como blackjack, roleta de cassino e bacar\u00e1 de cassino, at\u00e9 novos jogos de ca\u00e7a-n\u00edqueis &mdash; a variedade \u00e9 muito grande.<\/p><p>Um dos principais factores da popularidade entre os utilizadores em Portugal \u00e9 a grande selec\u00e7\u00e3o de slots de qualidade, que continuam a ser o tipo de entretenimento de jogo mais popular em Portugal.<\/p><p>Os novos slots oferecem gr\u00e1ficos inovadores, recursos integrados e jackpots empilh\u00e1veis, tornando-os populares entre jogadores casuais e grandes apostadores.<\/p><ul><li>Roleta de cassino: um jogo de cassino popular no qual os usu\u00e1rios fazem apostas em n\u00fameros, cores ou grupos de n\u00fameros em uma roda girat\u00f3ria.<\/li><li>Jogo de blackjack: um jogo de cartas onde a tarefa principal &#8211; marque 21 pontos ou o mais pr\u00f3ximo poss\u00edvel sem exceder 21 ao vencer o dealer.<\/li><li>Baccarat: Jogo de cartas, em que o jogador aposta na vit\u00f3ria de um dos participantes, do dealer ou no empate, enquanto a tarefa &mdash; alcan\u00e7ar a soma de 9 ou chegar o mais pr\u00f3ximo poss\u00edvel de 9.<\/li><li>Jogo de p\u00f4quer: um jogo de cartas com diferentes vers\u00f5es (como Texas Hold&#8217;em), onde os jogadores apostam em combina\u00e7\u00f5es vencedoras de cartas.<\/li><li>Loteria de bingo: um jogo de loteria popular em que os participantes recebem cartas com n\u00fameros e t\u00eam como objetivo completar certas combina\u00e7\u00f5es o mais r\u00e1pido poss\u00edvel, j\u00e1 que os n\u00fameros s\u00e3o sorteados aleatoriamente.<\/li><\/ul><p>Al\u00e9m dos jogos cl\u00e1ssicos de casino, as apostas desportivas tamb\u00e9m s\u00e3o muito comuns e integradas em muitas plataformas virtuais.<\/p><p>Os jogadores locais est\u00e3o mais interessados em jogos de futebol, e os cassinos virtuais aproveitam essa popularidade oferecendo uma variedade de op\u00e7\u00f5es de apostas em eventos esportivos, incluindo apostas ao vivo.<\/p><p>Uma vasta sele\u00e7\u00e3o de jogos e eventos desportivos garante aos jogadores portugueses muitas op\u00e7\u00f5es de entretenimento.<\/p><p>As apostas desportivas em corridas, basquetebol e t\u00e9nis tamb\u00e9m s\u00e3o procuradas no segmento de apostas desportivas.<\/p><h2>Ofertas especiais e b\u00f3nus dispon\u00edveis para jogadores em Portugal<\/h2><p>Uma das principais vantagens dos casinos online em Portugal \u00e9 a vasta gama de promo\u00e7\u00f5es e b\u00f3nus dispon\u00edveis para os jogadores.<\/p><p>Os jogadores locais podem aproveitar diversas ofertas de b\u00f4nus, como b\u00f4nus de inscri\u00e7\u00e3o, b\u00f4nus sem dep\u00f3sito, rodadas gr\u00e1tis e esquemas de fidelidade.<\/p><p>Essas promo\u00e7\u00f5es s\u00e3o projetadas n\u00e3o apenas para atrair novos jogadores, mas tamb\u00e9m para atrair novos jogadores. tamb\u00e9m para manter o interesse dos jogadores existentes.<\/p><h3>B\u00f4nus de boas-vindas<\/h3><p>Os b\u00f4nus para novos jogadores s\u00e3o os mais comuns e geralmente v\u00eam na forma de b\u00f4nus de primeiro dep\u00f3sito.<\/p><p>Por exemplo, plataformas online como Luckia e 888 Casino oferecem incentivos aos rec\u00e9m-chegados de at\u00e9 500 e 200 euros, respetivamente, muitas vezes acompanhados de uma determinada percentagem do primeiro dep\u00f3sito do participante.<\/p><p>Esses b\u00f4nus foram criados para oferecer aos jogadores oportunidades adicionais de se familiarizarem com a sele\u00e7\u00e3o de jogos de cassino e aumentarem os ganhos.<\/p><p>Al\u00e9m disso, os cassinos geralmente adicionam rodadas de b\u00f4nus de ca\u00e7a-n\u00edqueis \u00e0s ofertas de boas-vindas.<\/p><h3>B\u00f4nus sem dep\u00f3sito<\/h3><p>Os b\u00f4nus sem dep\u00f3sito tamb\u00e9m s\u00e3o uma oferta popular em que os usu\u00e1rios recebem uma pequena quantia em dinheiro de b\u00f4nus ou rodadas gr\u00e1tis sem precisar fazer um dep\u00f3sito.<\/p><p>Esta promo\u00e7\u00e3o \u00e9 mais atrativa para iniciantes que desejam testar o site sem arriscar seu dinheiro.<\/p><p>Para clientes habituais, os programas de fidelidade e VIP recompensam os jogadores frequentes com pontos que podem ser trocados por pr\u00eamios em dinheiro, rodadas de b\u00f4nus ou b\u00f4nus privados, como participa\u00e7\u00e3o em eventos VIP.<\/p><p>No entanto, deve-se observar que todas as ofertas de b\u00f4nus t\u00eam limites de aposta, que determinam quantas vezes o b\u00f4nus deve ser apostado antes que um saque seja permitido.<\/p><p>Esses limites variam entre os cassinos, com alguns estabelecimentos de jogos estabelecendo um m\u00ednimo de apostas de 20x, enquanto outros sites de jogos &mdash; at\u00e9 um m\u00e1ximo de 50x.<\/p><p>Os jogadores s\u00e3o aconselhados a ler atentamente os termos e condi\u00e7\u00f5es das ofertas promocionais para compreender os requisitos de apostas e os per\u00edodos de validade dos b\u00f4nus.<\/p><h2>M\u00e9todos de pagamento para jogadores de casino virtual em Portugal<\/h2><p>Quando se trata de jogos de azar online, m\u00e9todos de pagamento seguros e convenientes s\u00e3o fundamentais para os usu\u00e1rios em Portugal.<\/p><p>Os casinos online em Portugal apresentam uma variedade de m\u00e9todos de pagamento, o que permite aos jogadores depositar e levantar fundos de forma r\u00e1pida e confort\u00e1vel.<\/p><p>A maioria dos casinos virtuais em Portugal aceita m\u00e9todos comuns como cart\u00f5es de pagamento, carteiras virtuais, cart\u00f5es de pagamento pr\u00e9-pagos e criptomoedas.<\/p><h3>Cart\u00f5es de cr\u00e9dito e d\u00e9bito<\/h3><p>Cart\u00f5es de cr\u00e9dito e d\u00e9bito como Visa e Mastercard s\u00e3o os m\u00e9todos de pagamento mais comuns devido \u00e0 sua seguran\u00e7a e preval\u00eancia nas principais plataformas de jogos.<\/p><p>Esses m\u00e9todos de cart\u00e3o geralmente permitem que voc\u00ea fa\u00e7a contribui\u00e7\u00f5es instant\u00e2neas, embora os saques possam levar de 1 a 3 dias para serem processados.<\/p><h3>Carteiras on-line.<\/h3><p>Carteiras online como PayPal, Skrill, Neteller s\u00e3o outra op\u00e7\u00e3o popular entre os utilizadores portugueses, pois garantem tempos de levantamento mais r\u00e1pidos, processando as transa\u00e7\u00f5es no prazo de dois dias.<\/p><p>As carteiras online oferecem prote\u00e7\u00e3o adicional, pois n\u00e3o exigem que os usu\u00e1rios forne\u00e7am informa\u00e7\u00f5es banc\u00e1rias diretamente ao cassino.<\/p><h3>Criptomoeda nos casinos online em Portugal<\/h3><p>Nos \u00faltimos anos, muitos casinos virtuais em Portugal come\u00e7aram a suportar criptomoedas como Bitcoin e Ethereum.<\/p><p>As moedas digitais oferecem os benef\u00edcios de transa\u00e7\u00f5es mais r\u00e1pidas, taxas reduzidas e maior anonimato.<\/p><p>Para jogadores que valorizam esses benef\u00edcios, os cassinos que trabalham com criptomoedas s\u00e3o uma escolha lucrativa.<\/p><h2>Tend\u00eancias do casino m\u00f3vel em Portugal<\/h2><p>A ind\u00fastria de jogos m\u00f3veis tornou-se uma for\u00e7a l\u00edder na ind\u00fastria de casinos virtuais em Portugal, \u00e0 medida que cada vez mais utilizadores preferem jogar em smartphones e dispositivos m\u00f3veis. Aos amantes do jogo em Portugal aconselhamos que se familiarizem com a categoria <a href=\"https:\/\/www.casinoreal.pt\/20bet\/\">20bet casino<\/a> e use todas as dicas de jogadores experientes.<\/p><p>Devido ao avan\u00e7o da tecnologia m\u00f3vel, as plataformas de jogos em Portugal oferecem agora jogabilidade de qualidade numa variedade de dispositivos.<\/p><p>Esses cassinos s\u00e3o otimizados para jogar em dispositivos m\u00f3veis, oferecendo gr\u00e1ficos excelentes, uma gama diversificada de jogos e funcionalidade m\u00e1xima, mesmo em telas pequenas.<\/p><p>Al\u00e9m da conveni\u00eancia, os produtos de jogos para dispositivos m\u00f3veis oferecem recursos inovadores que melhoram a experi\u00eancia geral de jogo.<\/p><p>Por exemplo, as notifica\u00e7\u00f5es push informam os jogadores sobre programas de b\u00f4nus, novos jogos e b\u00f4nus personalizados, ajudando a envolver os jogadores m\u00f3veis.<\/p><p>Espera-se que o desenvolvimento da tecnologia 5G em Portugal transforme completamente a ind\u00fastria do jogo m\u00f3vel, tornando-a r\u00e1pida e \u00e1gil, especialmente para aplica\u00e7\u00f5es de alto tr\u00e1fego, como jogos de dealer em streaming.<\/p><table><tbody><tr><td><p>Par\u00e2metro<\/p><\/td><td><p>Casino online em Portugal<\/p><\/td><td><p>Casinos reais em Portugal<\/p><\/td><\/tr><tr><td><p>Disponibilidade<\/p><\/td><td><p>Esteja presente 24 horas por dia, 7 dias por semana, de qualquer lugar pela rede<\/p><\/td><td><p>Voc\u00ea precisa estar fisicamente presente em um cassino espec\u00edfico<\/p><\/td><\/tr><tr><td><p>Escolha de jogos<\/p><\/td><td><p>Uma grande sele\u00e7\u00e3o de jogos, incluindo ca\u00e7a-n\u00edqueis, p\u00f4quer online e roleta<\/p><\/td><td><p>Variedade limitada, dependendo do tamanho e localiza\u00e7\u00e3o do cassino<\/p><\/td><\/tr><tr><td><p>Vantagens<\/p><\/td><td><p>Voc\u00ea pode jogar em casa ou em qualquer lugar, em smartphones ou computadores<\/p><\/td><td><p>\u00c9 necess\u00e1rio visitar as instala\u00e7\u00f5es existentes<\/p><\/td><\/tr><tr><td><p>B\u00f4nus e promo\u00e7\u00f5es<\/p><\/td><td><p>Pr\u00eamios de boas-vindas, rodadas gr\u00e1tis e programas de fidelidade geralmente s\u00e3o fornecidos<\/p><\/td><td><p>Presentes s\u00e3o raros, \u00e0s vezes lealdade para coparticipantes<\/p><\/td><\/tr><tr><td><p>Intera\u00e7\u00e3o<\/p><\/td><td><p>A conversa \u00e9 poss\u00edvel atrav\u00e9s do di\u00e1logo, dos crupi\u00eas ao vivo, mas tamb\u00e9m virtual<\/p><\/td><td><p>Comunica\u00e7\u00e3o \u00f3bvia com outros jogadores e dealers<\/p><\/td><\/tr><tr><td><p>Conforto<\/p><\/td><td><p>Oportunidade de jogar em hor\u00e1rios diferentes, por exemplo, de pijama<\/p><\/td><td><p>\u00c9 necess\u00e1rio um c\u00f3digo de vestimenta em cassinos f\u00edsicos espec\u00edficos<\/p><\/td><\/tr><tr><td><p>Confiabilidade<\/p><\/td><td><p>Aplica\u00e7\u00e3o de criptografia para proteger transfer\u00eancias de dados<\/p><\/td><td><p>Alta seguran\u00e7a, prote\u00e7\u00e3o de solo, conflitos prot\u00e9ticos com fraude<\/p><\/td><\/tr><tr><td><p>Formas de pagamento<\/p><\/td><td><p>Vasta sele\u00e7\u00e3o: cart\u00f5es, carteiras eletr\u00f4nicas, criptomoedas<\/p><\/td><td><p>Geralmente dinheiro ou cart\u00f5es, \u00e0s vezes cheques<\/p><\/td><\/tr><tr><td><p>Restri\u00e7\u00f5es de idade<\/p><\/td><td><p>Verifica\u00e7\u00e3o por meio de informa\u00e7\u00f5es durante o registro on-line<\/p><\/td><td><p>Verifica\u00e7\u00e3o de anos na entrada<\/p><\/td><\/tr><tr><td><p>Velocidade de retirada<\/p><\/td><td><p>Capaz de passar de alguns minutos a v\u00e1rios dias, principalmente do sistema financeiro<\/p><\/td><td><p>Instantaneamente em caso de ganho em dinheiro<\/p><\/td><\/tr><tr><td><p>Despesas<\/p><\/td><td><p>Sem despesas com transporte, alimenta\u00e7\u00e3o, bebidas<\/p><\/td><td><p>Despesas necess\u00e1rias com transporte, alimenta\u00e7\u00e3o, bebidas<\/p><\/td><\/tr><tr><td><p>Aura<\/p><\/td><td><p>Dispositivo m\u00f3vel, depende do poder dos gr\u00e1ficos e da tela<\/p><\/td><td><p>Aura real com pessoas reais e entusiasmo real<\/p><\/td><\/tr><\/tbody><\/table>\n\n","protected":false},"excerpt":{"rendered":"<p>Nos \u00faltimos anos, o sector dos casinos virtuais no pa\u00eds de Portugal tem passado por [&hellip;]<\/p>\n","protected":false},"author":2,"featured_media":0,"parent":0,"menu_order":0,"comment_status":"closed","ping_status":"closed","template":"","meta":{"footnotes":""},"class_list":["post-761","page","type-page","status-publish","hentry"],"_links":{"self":[{"href":"https:\/\/intex-arc.com\/index.php?rest_route=\/wp\/v2\/pages\/761","targetHints":{"allow":["GET"]}}],"collection":[{"href":"https:\/\/intex-arc.com\/index.php?rest_route=\/wp\/v2\/pages"}],"about":[{"href":"https:\/\/intex-arc.com\/index.php?rest_route=\/wp\/v2\/types\/page"}],"author":[{"embeddable":true,"href":"https:\/\/intex-arc.com\/index.php?rest_route=\/wp\/v2\/users\/2"}],"replies":[{"embeddable":true,"href":"https:\/\/intex-arc.com\/index.php?rest_route=%2Fwp%2Fv2%2Fcomments&post=761"}],"version-history":[{"count":1,"href":"https:\/\/intex-arc.com\/index.php?rest_route=\/wp\/v2\/pages\/761\/revisions"}],"predecessor-version":[{"id":762,"href":"https:\/\/intex-arc.com\/index.php?rest_route=\/wp\/v2\/pages\/761\/revisions\/762"}],"wp:attachment":[{"href":"https:\/\/intex-arc.com\/index.php?rest_route=%2Fwp%2Fv2%2Fmedia&parent=761"}],"curies":[{"name":"wp","href":"https:\/\/api.w.org\/{rel}","templated":true}]}}